 + 1/6*h**4. Calculate j(-4).
-2
Let g = -1 - -8. Let k(o) = 15*o**3 + 365*o**2 - 21*o + 13. Let w(d) = -7*d**3 - 168*d**2 + 10*d - 6. Let l(b) = -6*k(b) - 13*w(b). Calculate l(g).
21
Let j(o) = o**3 + 9*o**2 - 9*o + 7. Let m = 37 + -310. Let g = m - -263. Give j(g).
-3
Let p = -187 - -190. Suppose 2*o = u, -3 - 5 = p*u - 4*o. Let w(d) = -d**3 - 9*d**2 - 8*d - 9. Determine w(u).
-9
Let w be (-152)/57*-1*3. Let o(q) = -41*q + 8 + 9*q**2 + w*q - q**3 + 26*q. Determine o(8).
16
Suppose -3*k + 4*k + 5 = b, 0 = 2*k. Let u(n) = -9*n - n**2 - 3 + 14*n - b*n. Suppose 0 = -w - 5*a, -38*a + 35*a = -w. Determine u(w).
-3
Let a(y) = -2*y - 2. Let c be (-1 + 1)*((-6)/(-4) + -2). Let v be ((-1)/(-2))/(c + 1/6). Suppose 6 = -v*h - 0. What is a(h)?
2
Let h be 5/((20/(-45))/4). Let m = 81 + h. Let f(x) = -13*x + m*x - 21*x - 3. Determine f(4).
5
Let v(r) = 6*r - 6. Suppose -5*q = -4*n - 15, 0 = 2*n - 3*q + 2*q + 15. Let m(y) = y**3 + 15*y**2 + 48*y - 18. Let c be m(n). Give v(c).
6
Let t(b) = b - 14. Let y = -154 - -147. Let c be (-1 - y) + (-9)/(-27)*0. Determine t(c).
-8
Let u(f) = -2*f**2 + 20*f - 14. Let y be 3*4*39/52. What is u(y)?
4
Suppose 0*b + 10 = b - 5*t, -b - 2 = t. Let i(n) = 45*n**2 - 46*n**2 + 6*n - 7 + b. What is i(2)?
1
Let o = -37 - -42. Let d(q) = -1 - 1526*q + 1522*q + o. Give d(-6).
28
Let a(i) = 3*i**2 - 2*i + 1. Let k(q) = 5*q**2 + 15*q - 4. Let y(h) = -2*a(h) + k(h). Determine y(19).
-6
Let a(x) = 41*x + 44*x + x**2 - 570 + 30. What is a(6)?
6
Let s = -12 - -18. Let n(m) = 3*m - 2 - 3 + s. Let f = 127 + -126. Calculate n(f).
4
Suppose -158*k - 3304 = 78*k. Let l(v) = 12*v + 147. What is l(k)?
-21
Suppose 338 + 1782 = 424*x. Let f(l) = -45*l + 232. Give f(x).
7
Let l be (-6 - (-4 - 1))*-5. Let u(h) = -5*h**3 + h**2 + 9*h - 17. Let m(p) = -p**3 + p**2 + p - 1. Let s(x) = 6*m(x) - u(x). Determine s(l).
-4
Let d(g) = 0 - 7*g**2 + 0 - 9*g + g**3 + 1. Suppose -3*v + 1804 = -12*m + 7*m, 2*v + 3*m - 1171 = 0. Let x = -585 + v. Calculate d(x).
-7
Let j = -4 - -3. Let u(d) = d**3 + 2*d**2 - 24*d - 2. Let n(m) = 4*m**3 + 3*m**2 - 48*m - 4. Let o(c) = -n(c) + 2*u(c). Determine o(j).
3
Let j(s) = 5*s + 2. Let i = 217 + -215. Let r(m) = -16*m - 8. Let t(k) = 16*k + 7. Let h(c) = -2*r(c) - 3*t(c). Let y(l) = i*h(l) + 7*j(l). What is y(-5)?
-11
Suppose -t = 2*t + g - 24, -g = 2*t - 17. Let m be t/35 - 9/(-5). Suppose 0 = m*k - 5*z + 1 + 10, -3*z = -5*k + 20. Let j(q) = -q + 3. Give j(k).
-4
Let p(j) = j**2 + 5*j - 11. Let f(c) = -7*c**2 + 16*c + 17. Let y be f(-1). Give p(y).
-5
Let t = -3252 - -3262. Let x(j) = -3*j + 44. What is x(t)?
14
Let y be (6/(-4))/(-1)*1*58/87. Let v(x) = 4*x - 6. Give v(y).
-2
Let q(j) = 77*j - 123. Let m(k) = -19*k + 28. Let g(b) = 17*m(b) + 4*q(b). Determine g(-1).
-1
Let n(k) = 29*k**3 + 4*k**2 + 24*k + 85. Let c(g) = -11*g**3 - g**2 - 9*g - 28. Let b(f) = -8*c(f) - 3*n(f). Calculate b(5).
-6
Suppose 3*p - 1 - 5 = 0. Let n(i) = -5 - 61*i + 183*i - 64*i + 7 - 73*i. Give n(p).
-28
Let q(g) = 2*g + 3 - 4 - 1. Suppose 2*x + 24 - 34 = 0. What is q(x)?
8
Let f(v) be the third derivative of -1/2*v**3 - 22*v + 1/24*v**4 - 2*v**2 + 0. Determine f(6).
3
Let z be 1/(67/402*3*2). Let i(a) = -4*a + 2. Determine i(z).
-2
Let n(i) = -i**3 + i + 1. Let m be n(0). Let l be 3 - (-3)/(6/(-2)). Let y(t) = -4*t**3 - 5*t**3 - 2*t**3 - 2*t**2 + 4*t**l - t. Give y(m).
-10
Let w(c) = 5*c - 29. Let k(m) be the first derivative of 11*m**2/2 - 62*m + 176. Let f(p) = 6*k(p) - 13*w(p). What is f(-2)?
3
Let v = 60 - 57. Let u(s) = -3*s - 15. Let q(l) = 5. Let z(m) = -4*q(m) - u(m). What is z(v)?
4
Suppose 0 = -6*a + 9*a - 75. Let u be 15/a - (-2)/5. Let d(z) be the second derivative of 5*z**3/3 - z**2/2 - 5*z - 4. What is d(u)?
9
Let o(n) = n. Let w(h) = 3*h - 1. Let y(v) = -2*o(v) + w(v). Let s = 116 - 112. Suppose 2*d - 2 = s*d. Give y(d).
-2
Let y be 7437/814*(-2)/3 - (-2)/22. Let g(c) = 33*c + 180. Calculate g(y).
-18
Suppose 4*u = -2*y + 5 - 7, 2*y - 4*u = 14. Let q(j) = -j + j**y + 7*j**2 + 21 - 4*j - 28 - 3*j + 5*j. Calculate q(-6).
47
Let u(y) = -y**2 - 18*y - 2. Suppose -21*x - 5 = w - 22*x, -4*x + 38 = 2*w. Determine u(w).
-65
Suppose -r + i = -5*r + 1, r - 2*i = 7. Let d(x) be the second derivative of -x**3/2 + 3*x**2/2 + 3934*x - 2. Calculate d(r).
0
Suppose -6*s + 111 = 33. Let l be 10 - (-5 - -3)/(-2). Suppose s*k - l*k = 12. Let q(z) = -z**3 + 2*z**2 + 4*z - 4. Give q(k).
-1
Let r(j) = -9*j - 22. Let o be r(-7). Let q = -37 + o. Suppose 14 - 38 = -q*m. Let p(x) = x + 6. Give p(m).
12
Let a(f) = 2*f**2 - 2*f + 1. Let j be (4/11)/(6/33). Suppose -1 = -j*s - l, -9*l + 4*l - 9 = -4*s. Give a(s).
1
Let j(x) = -52*x - 108. Let g(m) = 14*m + 1. Let h(i) = 5*g(i) + j(i). Give h(9).
59
Let h(r) = -r**3 - 6*r**2 + 10*r + 16. Let u = -517 - -523. Let y be -7 + 6 + u/(2 + -3). Calculate h(y).
-5
Suppose -o + 2*a - 110 = 4*o, 2*o - 3*a + 55 = 0. Suppose -149 = -15*g + 226. Let k = g + o. Let n(l) = l**3 - 6*l**2 + 7*l - 5. Calculate n(k).
5
Let x(o) be the third derivative of o**7/2520 + 13*o**6/720 + o**5/8 - o**4/24 + 7*o**3/3 - 77*o**2. Let c(u) be the second derivative of x(u). Give c(-11).
-7
Let w(s) be the first derivative of s**2/2 - 5*s - 18. Suppose -2*o = 3*v - 75 + 63, 5*o - 20 = -5*v. What is w(v)?
-1
Let f(u) = -u - 1. Let s(g) = 2*g - 7*g - 22*g - 7*g - 6 + 12*g. Let x(w) = 5*f(w) - s(w). Suppose -3*a = -1 - 2. What is x(a)?
18
Let w(i) be the second derivative of -i**5/60 + 5*i**4/8 + 25*i**3/6 + 155*i**2/2 + 26*i + 2. Let u(x) be the first derivative of w(x). What is u(17)?
-9
Let j(u) = -u - 3*u**2 + 24*u**3 - 12*u**3 - 4*u - 11*u**3 + 3. Let q(p) = -p**2 + 5*p. Let v(o) = o**2 - 7*o + 14. Let m be v(5). Let t be q(m). What is j(t)?
-1
Let v(a) = -9*a**3 - 7*a**2 + 14*a. Let s(n) = 25*n**3 + 20*n**2 - 40*n - 1. Let r(y) = -4*s(y) - 11*v(y). Give r(-3).
-14
Let h(l) = l**2 - 7*l - 4. Let z(n) = -n**3 - 11*n**2 - 20*n - 60. Let f be z(-10). Suppose -92*p = -87*p - f. Calculate h(p).
4
Let b(d) = -466 - 12410011*d + 93 + 12410033*d. Determine b(17).
1
Let y(s) = -2*s**2 - 11*s + 5. Let p = 35341 + -35346. Calculate y(p).
10
Let g be (-1614)/1883*(-1)/(12/21). Let x(s) be the first derivative of -1/3*s**3 - g*s**2 + 22 + s. Calculate x(-3).
1
Let w be -3 - (-1 + -1 - -2)/1. Let c(r) = r**2 - 6*r + 21. Let y be c(5). Let s(m) = 2*m**2 + 8 + 12 - y + 4*m. Give s(w).
10
Let w(k) be the second derivative of 1/12*k**4 + 34*k + 0 + 2/3*k**3 + 3*k**2. Calculate w(-4).
6
Let o be (-246)/18 - 2/6. Let a be 0/2 - (4 + o). Let c(j) be the first derivative of j**4/4 - 3*j**3 - 9*j**2/2 - 6*j + 174. Determine c(a).
4
Let f(g) be the third derivative of 0*g + 14*g**2 + 0 + 5/6*g**3 - 1/3*g**4 + 1/60*g**5. Let v = -229 - -236. Give f(v).
-2
Let d(q) = 5*q**2 + 4*q + 2. Let w be d(-2). Let z be 5/(5/(-9))*w/(-63). Let n(f) = -3*f**2 + 2*f**z + 6*f + 1386 - 1389. What is n(5)?
2
Let z(a) = -2*a**3 + 9*a**2 - 15*a + 5. Suppose -382 = -241*v + 341. Calculate z(v).
-13
Let b(d) = 11*d + 221*d**2 - 893*d**2 - d**3 + 219*d**2 + 7 + 226*d**2 + 221*d**2. What is b(-7)?
-21
Let u(j) = 472 + 108 - 27*j + 345 + 9*j - 150. Determine u(43).
1
Let p(i) be the second derivative of -i**5/20 + i**4/12 + 4*i**3/3 - 6*i**2 - 805*i. What is p(2)?
0
Let g(w) = -3*w**2 + 5*w + 2. Let i = 319 + -323. Determine g(i).
-66
Let a = 4 + -2. Let f(q) = -2*q + a*q**2 + 5*q + 3 - q**2. Let p be 2/(-4)*18 + 5. What is f(p)?
7
Let y be (-8)/(-44) - 46/11. Let z(s) = 89*s - 4*s**2 + 92*s + 6*s**2 - 178*s + 2. Give z(y).
22
Let r(c) = 4*c**3 + 42*c**2 - 4*c - 3. Let k(f) = 3*f**3 + 37*f**2 - 3*f - 3. Let a(j) = -3*k(j) + 2*r(j). Determine a(-27).
-24
Let v(c) be the third derivative of 59*c**6/120 + c**5/20 + c**4/12 + c**3/6 + 265*c**2 - 1. What is v(-1)?
-57
Let f be (-4)/7*(52/(-8) + -4). Let x(h) = -4*h**3 + 2*h**2 + 12*h - 13. Let c(p) = 7*p**3 - 5*p**2 - 23*p + 24. Let b(i) = -3*c(i) - 5*x(i). Determine b(f).
11
Let x(l) = -l + l**2 - 2 - 2 - 2. Let j be (-88)/(-18) + (468/162)/26. Calculate x(j).
14
Let q(g) be the third derivative of g**8/20160 + g**7/560 + g**6/144 + 49*g**5/20 + 171*g**2. Let o(a) be the third derivative of q(a). Give o(-4).
-15
Let m(k) = k + 2. Let j = 277 - 290. Let r be ((-198)/(-42) - (-2)/7) + j. What is m(r)?
-6
Let h(f) be the first derivative of